 q(-6).
-5
Let w(a) = 15*a + 15. Give w(0).
15
Let s(h) = 6*h**2 + h + 1. What is s(-1)?
6
Let n(l) = -l**3 - 7*l**2 + 4*l. What is n(-8)?
32
Let x(m) = 6*m + 212. Give x(-36).
-4
Let a(h) = h**2 + h - 7. Determine a(-6).
23
Let i(o) = 6*o + 3. What is i(4)?
27
Let y(r) = r**3 + 13*r**2 - 14*r - 7. What is y(-14)?
-7
Let x(d) = 2*d**3 + 6*d**2 + 4*d - 3. Give x(-3).
-15
Let u(l) = l**3 + 11*l**2 + 15*l + 9. What is u(-9)?
36
Let v(p) = -p**2 + 5*p + 3. What is v(5)?
3
Let l(b) = b**3 - 8*b**2 - 14. Determine l(6).
-86
Let u(k) = -k**3 + 3*k**2 + 10*k - 34. Give u(3).
-4
Let u(p) = -2*p**2 - 53*p - 19. Give u(-26).
7
Let j(h) = 18*h**2 - 4*h + 3. Calculate j(1).
17
Let d(p) = -16*p**2 + p + 1. Give d(-1).
-16
Let g(r) = r**3 + 16*r**2 - 58*r - 21. What is g(-19)?
-2
Let k(m) = -m**2 + 10*m + 19. What is k(13)?
-20
Let q(l) = -l**2 - 2*l + 12. What is q(-5)?
-3
Let j(v) = v**3 + 16*v**2 - 3*v - 82. What is j(-16)?
-34
Let x(n) = -13*n**2 - n. Calculate x(1).
-14
Let q(s) = -s**3 + 14*s**2 - s + 16. Calculate q(14).
2
Let a(w) = -w - 10. Determine a(-5).
-5
Let i(m) = m**2 + 3*m + 10. What is i(0)?
10
Let c(x) = x**2 + 5*x - 69. Give c(-9).
-33
Let f(g) = -g - 24. Calculate f(-17).
-7
Let p(m) = 14*m - 40. Determine p(4).
16
Let n(y) = 8*y - 6. Calculate n(0).
-6
Let u(n) = 13*n**2. Determine u(-1).
13
Let r(k) = -k**3 - 16*k**2 + 17*k + 13. Determine r(-17).
13
Let p(m) = -2*m**2 + 9*m - 9. What is p(6)?
-27
Let j(g) = g**2 - g - 36. Calculate j(0).
-36
Let z(a) = 3*a**2 - 2*a - 4. Determine z(-3).
29
Let z(o) = -o**3 + 4*o**2 + 4*o - 7. Give z(-3).
44
Let x(v) = -19*v + 20. Give x(2).
-18
Let w(p) = p**2 - 11*p - 2. Give w(11).
-2
Let f(s) = 13*s - 3. Give f(1).
10
Let m(d) = d - 5. What is m(1)?
-4
Let q(u) = -u**3 + 33*u**2 - 87*u - 87. Determine q(30).
3
Let l(f) = -12*f + 1. Calculate l(1).
-11
Let g(b) = 6*b + 7. Give g(-5).
-23
Let c(q) = -3*q + 70. Calculate c(16).
22
Let a(y) = y + 12. Give a(-9).
3
Let f(g) = -g**2 - 6*g - 6. Give f(-6).
-6
Let c(v) = -6*v - 20. Calculate c(-4).
4
Let d(l) = l**2 - l + 2. Calculate d(2).
4
Let f(g) = 13*g**2 + 113*g - 35. Determine f(-9).
1
Let c(w) = -w**2 + 21*w - 42. What is c(19)?
-4
Let g(o) = o**3 + 23*o**2 - 3*o - 73. Determine g(-23).
-4
Let n(j) = -j**3 + 7*j**2 + 4*j + 3. Give n(5).
73
Let t(u) = u**2 - u + 7. Give t(2).
9
Let j(u) = -2*u + 7. Determine j(-3).
13
Let w(a) = -21*a + 18. Determine w(2).
-24
Let x(h) = -3*h**3 - 82*h**2 - 25*h + 57. Give x(-27).
3
Let k(m) = 5*m**3 - 4*m**2 + 2*m + 1. Calculate k(1).
4
Let i(c) = -3*c**2 - c + 9. What is i(0)?
9
Let a(i) = -7*i**3 + 5*i**2 - 3*i - 3. Determine a(2).
-45
Let u(d) = d**2 - 4*d - 6. What is u(5)?
-1
Let z(h) = h**3 - 15*h**2 + 13*h + 8. Calculate z(14).
-6
Let w(g) = -2*g - 13. What is w(-5)?
-3
Let n(i) = -4*i - 13. Give n(-4).
3
Let b(c) = c - 15. Determine b(15).
0
Let r(f) = -2*f**2 - 8*f. Determine r(-6).
-24
Let m(j) = 5*j - 2. Give m(5).
23
Let v(s) = 6*s + 27. What is v(-2)?
15
Let u(g) = -2*g**2 - 47*g - 204. What is u(-18)?
-6
Let g(z) = -2*z**2 - 2*z + 3. Calculate g(2).
-9
Let p(k) = -k**3 + 15*k**2 + 17*k - 18. Give p(16).
-2
Let n(s) = 3*s + 7. Calculate n(5).
22
Let o(w) = -5*w - 27. Calculate o(-5).
-2
Let x(t) = t**3 + 4*t**2 - 5*t - 2. Calculate x(-5).
-2
Let h(s) = 2*s + 14. What is h(-7)?
0
Let s(v) = -3*v**2 - v - 41. Determine s(0).
-41
Let d(a) = -a**2 - 17*a - 31. Determine d(-15).
-1
Let v(q) = 3*q + 18. Give v(12).
54
Let y(i) = -i**3 + 8*i**2 + i - 7. Determine y(8).
1
Let a(i) = -11*i - 114. Give a(-10).
-4
Let v(d) = -d**3 - 2*d - 4. What is v(3)?
-37
Let z(j) = -77*j + 299. Calculate z(4).
-9
Let r(f) = -f**2 + 21*f + 71. What is r(24)?
-1
Let r(a) = 10*a - 9. What is r(1)?
1
Let o(s) = -s**2 + 190. Calculate o(-13).
21
Let f(y) = 38*y + 2. Determine f(1).
40
Let f(q) = -3*q + 8. Determine f(5).
-7
Let r(u) = 2*u + 8. Calculate r(-9).
-10
Let g(n) = n**3 + 7*n**2 - 10*n - 29. Calculate g(-7).
41
Let j(u) = 38*u + 2. Determine j(3).
116
Let x(f) = 2*f**3 + 4*f**2 - 2*f - 9. What is x(-5)?
-149
Let v(r) = -2*r - 14. Give v(-9).
4
Let s(o) = -o**3 - 8*o**2 + 8*o + 1. Give s(-9).
10
Let b(z) = -z**3 - 17*z**2 - 19*z + 3. Give b(-15).
-162
Let j(a) = -a + 106. What is j(15)?
91
Let a(m) = m**3 + 15*m**2 + 19*m. Give a(-14).
-70
Let w(a) = -a**2 - 5*a + 2. Give w(-4).
6
Let p(d) = d**3 - 37*d**2 + 269*d + 14. Determine p(27).
-13
Let a(j) = j**3 - 4*j**2 - 5*j. What is a(4)?
-20
Let x(q) = -q**3 + 6*q**2 - 2*q - 8. What is x(4)?
16
Let m(w) = -10*w - 5. Determine m(-3).
25
Let y(x) = -42*x + 8. Give y(-2).
92
Let z(j) = -2*j**2 + 3*j. Give z(3).
-9
Let f(i) = -i**2 - 3*i + 28. Calculate f(0).
28
Let a(l) = -9*l**2 - 3*l + 1. What is a(1)?
-11
Let j(s) = s**3 + 6*s**2 + 30*s + 190. Give j(-6).
10
Let z(y) = -y**2 - 23*y - 102. Calculate z(-18).
-12
Let d(a) = -a**2 + 5*a - 2. Give d(6).
-8
Let g(t) = t - 29. Give g(-1).
-30
Let m(y) = -y**2 - 4*y + 1. Calculate m(-5).
-4
Let p(u) = -u**3 + 10*u**2 - 8*u - 1. Determine p(8).
63
Let o(t) = -6*t. Give o(-2).
12
Let k(h) = -h**3 + 5*h**2 - 3*h + 2. Determine k(2).
8
Let u(g) = -18*g - 740. Give u(-41).
-2
Let p(o) = 16*o - 180. Calculate p(12).
12
Let f(u) = 4*u + 3. Determine f(-2).
-5
Let g(h) = -h + 8. Give g(0).
8
Let u(c) = -c**2 - 14*c + 50. Calculate u(-16).
18
Let w(k) = -k**3 - 4*k**2 + 11*k + 1. Calculate w(-6).
7
Let s(o) = -o**2 - 19*o - 16. Give s(-20).
-36
Let z(y) = 8*y - 74. Give z(19).
78
Let o(k) = k**3 + 43*k**2 + 3*k + 131. Calculate o(-43).
2
Let d(x) = x**3 - 2*x - 6. Give d(0).
-6
Let b(n) = -9*n - 6. Determine b(-4).
30
Let s(p) = -30*p + 180. Calculate s(6).
0
Let v(h) = -h**2 - 12*h + 45. Give v(-15).
0
Let g(y) = -52*y + 57. What is g(1)?
5
Let a(u) = u - 12. What is a(14)?
2
Let d(j) = -3*j - 18. Give d(10).
-48
Let m(n) = -n**2 - 9*n + 9. Determine m(-10).
-1
Let b(n) = n**3 - 5*n**2 - n - 12. Determine b(5).
-17
Let t(d) = -d**3 + 11*d**2 - 8*d - 6. Give t(10).
14
Let x(c) = c + 30. Give x(-28).
2
Let q(a) = -2*a + 19. Determine q(7).
5
Let h(b) = 3*b**3 - b**2 + b. Determine h(1).
3
Let x(j) = -j**3 + 10*j**2 + 25*j + 40. Give x(12).
52
Let l(u) = 86*u**3 + u**2 - 2*u + 1. Give l(1).
86
Let u(k) = 18*k + 28. Determine u(-2).
-8
Let q(o) = -o**2 + 7*o + 7. Determine q(6).
13
Let f(t) = t**2 - 31*t - 72. Determine f(33).
-6
Let n(r) = -r**2 + 10*r + 31. Give n(12).
7
Let m(c) = c**2 - 17*c + 21. Give m(16).
5
Let k(f) = f**2 - 15*f - 18. Determine k(14).
-32
Let k(v) = v**2 - 8*v - 4. What is k(5)?
-19
Let v(k) = 31*k - 79. Determine v(3).
14
Let y(d) = 3*d + 32. Calculate y(0).
32
Let d(a) = 4*a**2 - 3*a + 14. Calculate d(6).
140
Let v(h) = 8*h - 3. What is v(2)?
13
Let v(g) = -g**3 + 5*g**2 + 73*g - 18. Determine v(11).
59
Let v(h) = h + 161. Give v(0).
161
Let v(f) = f**2 - 8*f + 1. What is v(8)?
1
Let d(z) = -3*z + 39. Calculate d(11).
6
Let a(p) = 4*p**3 + p**2 + 4*p + 2. Calculate a(-2).
-34
Let a(i) = -5*i**2 + 8*i - 3. Give a(2).
-7
Let m(i) = i**2 - 23*i + 10. What is m(22)?
-12
Let t(l) = 6*l**2 + 15*l - 4. Determine t(-3).
5
Let k(l) = l**2 + 33*l + 131. Give k(-28).
-9
Let m(g) = -2*g**2 + 58*g - 13. Give m(29).
-13
Let c(n) = -7*n + 13. Give c(10).
-57
Let d(n) = -n**3 - 22*n**2 - 22*n - 2. Determine d(-21).
19
Let i(l) = -l**3 - 3*l**2 - 15*l - 28. Give i(-3).
17
Let w(t) = 6*t - 8. Give w(-8).
-56
Let v(r) = 2*r + 1. Calculate v(-1).
-1
Let g(u) = 5*u**2 - u - 1. What is g(-1)?
5
Let p(m) = 6*m - 61. Calculate p(7).
-19
Let r(p) = -p**2 + 6*p - 4. Give r(7).
-11
Let p(m) = -5*m + 31. Give p(6).
1
Let m(g) = g**3 + 10*g**2 - 2*g + 11. Determine m(-11).
-88
Let t(v) = 6*v - 139. Calculate t(32).
53
Let r(o) = o**3 - 9*o**2 + 7*o - 9. What is r(8)?
-17
Let a(i) = i**3 + 11*i**2 - 106*i - 77. Give a(-17).
-9
Let z(o) = -2*o + 27. Determine z(25).
-23
Let i(t) = -t**3 - 9*t**2 - 2*t - 15. Give i(-9).
3
Let f(y) = y**3 - 12*y**2 + 11*y - 8. Calculate f(11).
-8
Let v(x) = x**2 - 7*x + 18. Determine v(8).
26
Let n(u) = -23*u - 15. Calculate n(-3).
54
Let z(a) = a**3 - 7*a**2 - 8*a - 5. Determine z(8).
-5
Let j(s) = 72*s + 2. Calculate j(-1).
-70
Let c(l) = l**2 + 3*l + 5. Determine c(-4).
9
Let h(m) = -8*m + 31. Calculate h(4).
-1
Let b(i) = i**3 - 9*i**2 - 5*i + 25. What is b(9)?
-20
Let h(g) = g**3 - 4*g**2 + 5*g - 46. W